{"id":41,"date":"2023-01-08T10:41:00","date_gmt":"2023-01-08T08:41:00","guid":{"rendered":"https:\/\/www.vaittila.fi\/?page_id=41"},"modified":"2024-03-10T09:41:04","modified_gmt":"2024-03-10T07:41:04","slug":"tilavierailu-majoitus","status":"publish","type":"page","link":"https:\/\/www.vaittila.fi\/index.php\/tilavierailu-majoitus\/","title":{"rendered":"Tilavierailut"},"content":{"rendered":"\t\t<div data-elementor-type=\"wp-page\" data-elementor-id=\"41\" class=\"elementor elementor-41\" data-elementor-settings=\"{&quot;ha_cmc_init_switcher&quot;:&quot;no&quot;}\">\n\t\t\t\t\t\t<section class=\"elementor-section elementor-top-section elementor-element elementor-element-576d1999 elementor-section-boxed elementor-section-height-default elementor-section-height-default\" data-id=\"576d1999\" data-element_type=\"section\" data-e-type=\"section\" data-settings=\"{&quot;background_background&quot;:&quot;classic&quot;,&quot;_ha_eqh_enable&quot;:false}\">\n\t\t\t\t\t\t<div class=\"elementor-container elementor-column-gap-default\">\n\t\t\t\t\t<div class=\"elementor-column elementor-col-100 elementor-top-column elementor-element elementor-element-4e21c705\" data-id=\"4e21c705\" data-element_type=\"column\" data-e-type=\"column\">\n\t\t\t<div class=\"elementor-widget-wrap elementor-element-populated\">\n\t\t\t\t\t\t<div class=\"elementor-element elementor-element-487894bf elementor-widget elementor-widget-heading\" data-id=\"487894bf\" data-element_type=\"widget\" data-e-type=\"widget\" data-widget_type=\"heading.default\">\n\t\t\t\t<div class=\"elementor-widget-container\">\n\t\t\t\t\t<h2 class=\"elementor-heading-title elementor-size-default\">Tilavierailut<\/h2>\t\t\t\t<\/div>\n\t\t\t\t<\/div>\n\t\t\t\t\t<\/div>\n\t\t<\/div>\n\t\t\t\t\t<\/div>\n\t\t<\/section>\n\t\t\t\t<section class=\"elementor-section elementor-top-section elementor-element elementor-element-a71f175 elementor-section-height-min-height elementor-section-boxed elementor-section-height-default elementor-section-items-middle\" data-id=\"a71f175\" data-element_type=\"section\" data-e-type=\"section\" data-settings=\"{&quot;_ha_eqh_enable&quot;:false}\">\n\t\t\t\t\t\t<div class=\"elementor-container elementor-column-gap-default\">\n\t\t\t\t\t<div class=\"elementor-column elementor-col-100 elementor-top-column elementor-element elementor-element-32a26bab\" data-id=\"32a26bab\" data-element_type=\"column\" data-e-type=\"column\">\n\t\t\t<div class=\"elementor-widget-wrap elementor-element-populated\">\n\t\t\t\t\t\t<section class=\"elementor-section elementor-inner-section elementor-element elementor-element-75b7cb79 elementor-section-boxed elementor-section-height-default elementor-section-height-default\" data-id=\"75b7cb79\" data-element_type=\"section\" data-e-type=\"section\" data-settings=\"{&quot;_ha_eqh_enable&quot;:false}\">\n\t\t\t\t\t\t<div class=\"elementor-container elementor-column-gap-default\">\n\t\t\t\t\t<div class=\"elementor-column elementor-col-100 elementor-inner-column elementor-element elementor-element-6d268cc6\" data-id=\"6d268cc6\" data-element_type=\"column\" data-e-type=\"column\">\n\t\t\t<div class=\"elementor-widget-wrap elementor-element-populated\">\n\t\t\t\t\t\t<div class=\"elementor-element elementor-element-672c5f62 elementor-widget elementor-widget-text-editor\" data-id=\"672c5f62\" data-element_type=\"widget\" data-e-type=\"widget\" data-widget_type=\"text-editor.default\">\n\t\t\t\t<div class=\"elementor-widget-container\">\n\t\t\t\t\t\t\t\t\t<p>Tilavierailut<\/p><p>Maistuvat tilavierailut marjatilallemme kauniiseen Vaittilansaareen Kuopion J\u00e4nnevirralle. Ryhmille j\u00e4rjestett\u00e4vill\u00e4 tilavierailuilla p\u00e4\u00e4set kuulemaan, millaista on luomumarjatilan toiminta ja kuinka valmistamme herkullisia jalosteita, kuten esimerkiksi j\u00e4\u00e4tel\u00f6\u00e4. Vierailun aikana tutustutaan viljelyalueisiin ja maistellaan Vaittilan j\u00e4\u00e4tel\u00f6it\u00e4, sorbetteja ym. herkkuja sopimuksen mukaan joko kahvin, mehun tai joulun aikaan tilan oman luomumansikkagl\u00f6gin kera.\u00a0<\/p><p>Esittelemme my\u00f6s jalostettavia tuotteitamme, joita l\u00f6ytyy Vaittilan myym\u00e4l\u00e4st\u00e4. J\u00e4rjest\u00e4mme vierailuja noin 10\u201350 henkil\u00f6n ryhmille sopimuksen mukaan, hinta alkaen 10 \u20ac\/ hl\u00f6 sis\u00e4lt\u00e4\u00e4 tarjoilut. (Vaittilan j\u00e4\u00e4tel\u00f6\u00e4 ja sorbettia sek\u00e4 sopimuksen mukaan kahvit, mehut tai gl\u00f6git) Koululaisryhm\u00e4t ovat my\u00f6s tervetulleita, joista sovitaan tapauskohtaisesti ja voidaan my\u00f6s sopia aihesis\u00e4lt\u00f6\u00e4 kiinnostuksen mukaan, esimerkiksi yritt\u00e4jyys, maatalous ja\/tai elintarvikejalostus.\u00a0<\/p><p>Vierailu onnistuu periaatteessa ymp\u00e4ri vuoden; vuodenaika tietysti tuo vierailuun omat erityispiirteens\u00e4.\u00a0<span style=\"font-size: 16px;\">Alkukes\u00e4ll\u00e4 pensasmustikkapelto on kaunis valkoisessa kukkaloistossaan, marja-aikaan tuoreet marjat ovat tietysti vierailun kohokohta ja syksyn tullen n\u00e4ytt\u00e4v\u00e4t pensaat saavat punaisen ruskan v\u00e4rin. Vierailut onnistuvat my\u00f6s talvella; laajempi peltokierros j\u00e4\u00e4 silloin pois ohjelmasta ja vierailijaryhm\u00e4n koko on rajoitetumpi.<\/span><\/p><p><span style=\"font-size: 16px;\">Maatilamajoitusta emme tarjoa aiemmasta poiketen. Kaikki majoitustilat on varattu henkil\u00f6kunnan k\u00e4ytt\u00f6\u00f6n.<\/span><\/p>\t\t\t\t\t\t\t\t<\/div>\n\t\t\t\t<\/div>\n\t\t\t\t<div class=\"elementor-element elementor-element-fadaba5 elementor-position-top elementor-widget elementor-widget-image-box\" data-id=\"fadaba5\" data-element_type=\"widget\" data-e-type=\"widget\" data-widget_type=\"image-box.default\">\n\t\t\t\t<div class=\"elementor-widget-container\">\n\t\t\t\t\t<div class=\"elementor-image-box-wrapper\"><figure class=\"elementor-image-box-img\"><img fetchpriority=\"high\" decoding=\"async\" width=\"1024\" height=\"476\" src=\"https:\/\/www.vaittila.fi\/wp-content\/uploads\/2023\/02\/noppa-1-1024x476.jpg\" class=\"elementor-animation-bounce-in attachment-large size-large wp-image-623\" alt=\"\" \/><\/figure><div class=\"elementor-image-box-content\"><h3 class=\"elementor-image-box-title\">Vaittilan Noppa 6v.<\/h3><p class=\"elementor-image-box-description\">Vaittilan Noppa on saaren maskotti ja kaikkien kaveri. Noppa ei kyll\u00e4sty, vaikka rapsuttaisit v\u00e4h\u00e4n pidemp\u00e4\u00e4nkin - se saattaa jopa vaatia sit\u00e4. Osa asiakkaistamme varmistaa, ett\u00e4 Noppa on kotona, kun he tulevat noutamaan marjatilaustaan. Silloin sovitut, pienet makupalatkin voivat olla mahdollisia.<\/p><\/div><\/div>\t\t\t\t<\/div>\n\t\t\t\t<\/div>\n\t\t\t\t<div class=\"elementor-element elementor-element-7202b985 elementor-widget elementor-widget-button\" data-id=\"7202b985\" data-element_type=\"widget\" data-e-type=\"widget\" data-widget_type=\"button.default\">\n\t\t\t\t<div class=\"elementor-widget-container\">\n\t\t\t\t\t\t\t\t\t<div class=\"elementor-button-wrapper\">\n\t\t\t\t\t<a class=\"elementor-button elementor-button-link elementor-size-sm\" href=\"https:\/\/www.vaittila.fi\/index.php\/yhteystiedot-contact-information\/\">\n\t\t\t\t\t\t<span class=\"elementor-button-content-wrapper\">\n\t\t\t\t\t\t\t\t\t<span class=\"elementor-button-text\">Yhteystiedot<\/span>\n\t\t\t\t\t<\/span>\n\t\t\t\t\t<\/a>\n\t\t\t\t<\/div>\n\t\t\t\t\t\t\t\t<\/div>\n\t\t\t\t<\/div>\n\t\t\t\t\t<\/div>\n\t\t<\/div>\n\t\t\t\t\t<\/div>\n\t\t<\/section>\n\t\t\t\t\t<\/div>\n\t\t<\/div>\n\t\t\t\t\t<\/div>\n\t\t<\/section>\n\t\t\t\t<\/div>\n\t\t","protected":false},"excerpt":{"rendered":"<p>Tilavierailut Tilavierailut Maistuvat tilavierailut marjatilallemme kauniiseen Vaittilansaareen Kuopion J\u00e4nnevirralle. Ryhmille j\u00e4rjestett\u00e4vill\u00e4 tilavierailuilla p\u00e4\u00e4set kuulemaan, millaista on luomumarjatilan toiminta ja kuinka valmistamme herkullisia jalosteita, kuten esimerkiksi j\u00e4\u00e4tel\u00f6\u00e4. Vierailun aikana tutustutaan viljelyalueisiin ja maistellaan Vaittilan j\u00e4\u00e4tel\u00f6it\u00e4, sorbetteja ym. herkkuja sopimuksen mukaan joko kahvin, mehun tai joulun aikaan tilan oman luomumansikkagl\u00f6gin kera.\u00a0 Esittelemme my\u00f6s jalostettavia tuotteitamme, joita l\u00f6ytyy [&hellip;]<\/p>\n","protected":false},"author":1,"featured_media":0,"parent":0,"menu_order":0,"comment_status":"closed","ping_status":"closed","template":"elementor_header_footer","meta":{"_eb_attr":"","footnotes":""},"class_list":["post-41","page","type-page","status-publish","hentry","entry"],"_links":{"self":[{"href":"https:\/\/www.vaittila.fi\/index.php\/wp-json\/wp\/v2\/pages\/41","targetHints":{"allow":["GET"]}}],"collection":[{"href":"https:\/\/www.vaittila.fi\/index.php\/wp-json\/wp\/v2\/pages"}],"about":[{"href":"https:\/\/www.vaittila.fi\/index.php\/wp-json\/wp\/v2\/types\/page"}],"author":[{"embeddable":true,"href":"https:\/\/www.vaittila.fi\/index.php\/wp-json\/wp\/v2\/users\/1"}],"replies":[{"embeddable":true,"href":"https:\/\/www.vaittila.fi\/index.php\/wp-json\/wp\/v2\/comments?post=41"}],"version-history":[{"count":49,"href":"https:\/\/www.vaittila.fi\/index.php\/wp-json\/wp\/v2\/pages\/41\/revisions"}],"predecessor-version":[{"id":1101,"href":"https:\/\/www.vaittila.fi\/index.php\/wp-json\/wp\/v2\/pages\/41\/revisions\/1101"}],"wp:attachment":[{"href":"https:\/\/www.vaittila.fi\/index.php\/wp-json\/wp\/v2\/media?parent=41"}],"curies":[{"name":"wp","href":"https:\/\/api.w.org\/{rel}","templated":true}]}}